{"id":52,"date":"2009-01-24T13:44:04","date_gmt":"2009-01-24T12:44:04","guid":{"rendered":"http:\/\/casa-felix.peterbrinkhoff.de\/?page_id=52"},"modified":"2024-09-18T21:15:14","modified_gmt":"2024-09-18T19:15:14","slug":"anreise","status":"publish","type":"page","link":"https:\/\/casa-felix.petaprojects.de\/?page_id=52","title":{"rendered":"Anreise"},"content":{"rendered":"<h2>Adresse<\/h2>\n<p>Calle Alber Nr. 1<br \/>\n03700 D\u00e9nia \/ Alicante<\/p>\n<h2>Anreise<\/h2>\n<ul>\n<li>per PKW: D\u00e9nia ist bequem erreichbar \u00fcber die Autobahn A-7, Autobahnausfahrt 62 Ondara\/D\u00e9nia<\/li>\n<li>per Flugzeug: Die Flugh\u00e4fen Alicante oder Valencia sind jeweils ca. 100km entfernt. Weiterreise nach D\u00e9nia per Fernbus, Bahn oder Taxi m\u00f6glich.<\/li>\n<\/ul>\n<p>&nbsp;<\/p>\n<h2><strong>Google &#8211; Koordinaten<\/strong><\/h2>\n<p>38.816227, 0.128582<\/p>\n","protected":false},"excerpt":{"rendered":"<p>Adresse Calle Alber Nr. 1 03700 D\u00e9nia \/ Alicante Anreise per PKW: D\u00e9nia ist bequem erreichbar \u00fcber die Autobahn A-7, Autobahnausfahrt 62 Ondara\/D\u00e9nia per Flugzeug: Die Flugh\u00e4fen Alicante oder Valencia sind jeweils ca. 100km entfernt. Weiterreise nach D\u00e9nia per Fernbus, Bahn oder Taxi m\u00f6glich. &nbsp; Google &#8211; Koordinaten 38.816227, 0.128582<\/p>\n","protected":false},"author":1,"featured_media":0,"parent":0,"menu_order":4,"comment_status":"closed","ping_status":"closed","template":"","meta":{"ngg_post_thumbnail":0,"footnotes":""},"class_list":["post-52","page","type-page","status-publish","hentry"],"_links":{"self":[{"href":"https:\/\/casa-felix.petaprojects.de\/index.php?rest_route=\/wp\/v2\/pages\/52","targetHints":{"allow":["GET"]}}],"collection":[{"href":"https:\/\/casa-felix.petaprojects.de\/index.php?rest_route=\/wp\/v2\/pages"}],"about":[{"href":"https:\/\/casa-felix.petaprojects.de\/index.php?rest_route=\/wp\/v2\/types\/page"}],"author":[{"embeddable":true,"href":"https:\/\/casa-felix.petaprojects.de\/index.php?rest_route=\/wp\/v2\/users\/1"}],"replies":[{"embeddable":true,"href":"https:\/\/casa-felix.petaprojects.de\/index.php?rest_route=%2Fwp%2Fv2%2Fcomments&post=52"}],"version-history":[{"count":9,"href":"https:\/\/casa-felix.petaprojects.de\/index.php?rest_route=\/wp\/v2\/pages\/52\/revisions"}],"predecessor-version":[{"id":105,"href":"https:\/\/casa-felix.petaprojects.de\/index.php?rest_route=\/wp\/v2\/pages\/52\/revisions\/105"}],"wp:attachment":[{"href":"https:\/\/casa-felix.petaprojects.de\/index.php?rest_route=%2Fwp%2Fv2%2Fmedia&parent=52"}],"curies":[{"name":"wp","href":"https:\/\/api.w.org\/{rel}","templated":true}]}}